{"id":4230,"date":"2024-08-23T13:15:42","date_gmt":"2024-08-23T12:15:42","guid":{"rendered":"https:\/\/emlab.fr\/?page_id=4230"},"modified":"2024-08-23T13:15:42","modified_gmt":"2024-08-23T12:15:42","slug":"nos-professeurs","status":"publish","type":"page","link":"https:\/\/emlab.fr\/?page_id=4230","title":{"rendered":"Nos disciplines"},"content":{"rendered":"\n<p><strong>D\u00e9couvrez les jardins musicaux de l&rsquo;EMLAB, accessibles d\u00e8s 3 ans  :<\/strong><\/p>\n\n\n\n<figure class=\"wp-block-image size-large\"><img decoding=\"async\" src=\"https:\/\/emlab.fr\/wp-content\/uploads\/2025\/04\/eveil-musical.png?w=724\" alt=\"\" class=\"wp-image-5129\" \/><\/figure>\n\n\n\n<p><strong>D\u00e9couvrez toutes les disciplines propos\u00e9es par l&rsquo;EMLAB, et les professeurs qui les enseignent :<\/strong><\/p>\n\n\n\n<p><strong><em>D\u00e9partement Bois :<\/em><\/strong><\/p>\n\n\n\n<figure class=\"wp-block-gallery has-nested-images columns-default is-cropped wp-block-gallery-1 is-layout-flex wp-block-gallery-is-layout-flex\">\n<figure class=\"wp-block-image size-large\"><img decoding=\"async\" data-id=\"4236\" src=\"https:\/\/emlab.fr\/wp-content\/uploads\/2024\/08\/marija-tesanovic.png?w=724\" alt=\"\" class=\"wp-image-4236\" \/><\/figure>\n\n\n\n<figure class=\"wp-block-image size-large\"><img decoding=\"async\" data-id=\"4248\" src=\"https:\/\/emlab.fr\/wp-content\/uploads\/2024\/08\/affiche-veronique.png?w=724\" alt=\"\" class=\"wp-image-4248\" \/><\/figure>\n\n\n\n<figure class=\"wp-block-image size-large\"><img decoding=\"async\" data-id=\"4238\" src=\"https:\/\/emlab.fr\/wp-content\/uploads\/2024\/08\/affiche-nicolas-smialkowski.png?w=724\" alt=\"\" class=\"wp-image-4238\" \/><\/figure>\n\n\n\n<figure class=\"wp-block-image size-large\"><img decoding=\"async\" data-id=\"4253\" src=\"https:\/\/emlab.fr\/wp-content\/uploads\/2024\/08\/affiche-helena-mercier.png?w=724\" alt=\"\" class=\"wp-image-4253\" \/><\/figure>\n\n\n\n<figure class=\"wp-block-image size-large\"><img decoding=\"async\" data-id=\"4241\" src=\"https:\/\/emlab.fr\/wp-content\/uploads\/2024\/08\/affiche-pascale-2.png?w=724\" alt=\"\" class=\"wp-image-4241\" \/><\/figure>\n<\/figure>\n\n\n\n<p><strong><em>D\u00e9partement Cuivres :<\/em><\/strong><\/p>\n\n\n\n<figure class=\"wp-block-gallery has-nested-images columns-default is-cropped wp-block-gallery-2 is-layout-flex wp-block-gallery-is-layout-flex\">\n<figure class=\"wp-block-image size-large\"><img decoding=\"async\" data-id=\"5765\" src=\"https:\/\/emlab.fr\/wp-content\/uploads\/2025\/08\/manuel-sudrie-2.png?w=724\" alt=\"\" class=\"wp-image-5765\" \/><\/figure>\n\n\n\n<figure class=\"wp-block-image size-large\"><img decoding=\"async\" data-id=\"4239\" src=\"https:\/\/emlab.fr\/wp-content\/uploads\/2024\/08\/affiche-patrice-guilloux.png?w=724\" alt=\"\" class=\"wp-image-4239\" \/><\/figure>\n\n\n\n<figure class=\"wp-block-image size-large\"><img decoding=\"async\" data-id=\"4244\" src=\"https:\/\/emlab.fr\/wp-content\/uploads\/2024\/08\/le-tuba.png?w=724\" alt=\"\" class=\"wp-image-4244\" \/><\/figure>\n<\/figure>\n\n\n\n<p><strong><em>D\u00e9partement Cordes :<\/em><\/strong><\/p>\n\n\n\n<figure class=\"wp-block-gallery has-nested-images columns-default is-cropped wp-block-gallery-3 is-layout-flex wp-block-gallery-is-layout-flex\">\n<figure class=\"wp-block-image size-large\"><img decoding=\"async\" data-id=\"4251\" src=\"https:\/\/emlab.fr\/wp-content\/uploads\/2024\/08\/affiche-patrick-boutelier.png?w=724\" alt=\"\" class=\"wp-image-4251\" \/><\/figure>\n\n\n\n<figure class=\"wp-block-image size-large\"><img decoding=\"async\" data-id=\"4252\" src=\"https:\/\/emlab.fr\/wp-content\/uploads\/2024\/08\/affiche-lea.png?w=724\" alt=\"\" class=\"wp-image-4252\" \/><\/figure>\n<\/figure>\n\n\n\n<p><strong><em>D\u00e9partement polyphoniques :<\/em><\/strong><\/p>\n\n\n\n<figure class=\"wp-block-gallery has-nested-images columns-default is-cropped wp-block-gallery-4 is-layout-flex wp-block-gallery-is-layout-flex\">\n<figure class=\"wp-block-image size-large\"><img decoding=\"async\" data-id=\"4235\" src=\"https:\/\/emlab.fr\/wp-content\/uploads\/2024\/08\/le-piano-jazz.png?w=724\" alt=\"\" class=\"wp-image-4235\" \/><\/figure>\n\n\n\n<figure class=\"wp-block-image size-large\"><img decoding=\"async\" data-id=\"4240\" src=\"https:\/\/emlab.fr\/wp-content\/uploads\/2024\/08\/nicolas-ennabli.png?w=724\" alt=\"\" class=\"wp-image-4240\" \/><\/figure>\n\n\n\n<figure class=\"wp-block-image size-large\"><img decoding=\"async\" data-id=\"5135\" src=\"https:\/\/emlab.fr\/wp-content\/uploads\/2025\/04\/affiche-veronique-drozdz.png?w=724\" alt=\"\" class=\"wp-image-5135\" \/><\/figure>\n\n\n\n<figure class=\"wp-block-image size-large\"><img decoding=\"async\" data-id=\"4242\" src=\"https:\/\/emlab.fr\/wp-content\/uploads\/2024\/08\/nicolas-azais-3.png?w=724\" alt=\"\" class=\"wp-image-4242\" \/><\/figure>\n\n\n\n<figure class=\"wp-block-image size-large\"><img decoding=\"async\" data-id=\"4247\" src=\"https:\/\/emlab.fr\/wp-content\/uploads\/2024\/08\/affiche-taca-2.png?w=724\" alt=\"\" class=\"wp-image-4247\" \/><\/figure>\n\n\n\n<figure class=\"wp-block-image size-large\"><img decoding=\"async\" data-id=\"4245\" src=\"https:\/\/emlab.fr\/wp-content\/uploads\/2024\/08\/affiche-raphael-nakache-droit.png?w=724\" alt=\"\" class=\"wp-image-4245\" \/><\/figure>\n<\/figure>\n\n\n\n<figure class=\"wp-block-image size-large is-resized\"><img decoding=\"async\" src=\"https:\/\/emlab.fr\/wp-content\/uploads\/2025\/08\/juliana-chant-lyrique-et-moderne-1.png?w=724\" alt=\"\" class=\"wp-image-5769\" style=\"aspect-ratio:0.7070327190673186;width:208px;height:auto\" \/><\/figure>\n\n\n\n<p><strong><em>D\u00e9partement Musiques Actuelles :<\/em><\/strong><\/p>\n\n\n\n<figure class=\"wp-block-gallery has-nested-images columns-default is-cropped wp-block-gallery-5 is-layout-flex wp-block-gallery-is-layout-flex\">\n<figure class=\"wp-block-image size-large\"><img decoding=\"async\" data-id=\"4247\" src=\"https:\/\/emlab.fr\/wp-content\/uploads\/2024\/08\/affiche-taca-2.png?w=724\" alt=\"\" class=\"wp-image-4247\" \/><\/figure>\n\n\n\n<figure class=\"wp-block-image size-large\"><img decoding=\"async\" data-id=\"5770\" src=\"https:\/\/emlab.fr\/wp-content\/uploads\/2025\/08\/diego-baeza.png?w=724\" alt=\"\" class=\"wp-image-5770\" \/><\/figure>\n\n\n\n<figure class=\"wp-block-image size-large\"><img decoding=\"async\" data-id=\"4243\" src=\"https:\/\/emlab.fr\/wp-content\/uploads\/2024\/08\/affiche-mathis.png?w=724\" alt=\"\" class=\"wp-image-4243\" \/><\/figure>\n\n\n\n<figure class=\"wp-block-image size-large\"><img decoding=\"async\" data-id=\"4240\" src=\"https:\/\/emlab.fr\/wp-content\/uploads\/2024\/08\/nicolas-ennabli.png?w=724\" alt=\"\" class=\"wp-image-4240\" \/><\/figure>\n\n\n\n<figure class=\"wp-block-image size-large\"><img decoding=\"async\" data-id=\"4235\" src=\"https:\/\/emlab.fr\/wp-content\/uploads\/2024\/08\/le-piano-jazz.png?w=724\" alt=\"\" class=\"wp-image-4235\" \/><\/figure>\n\n\n\n<figure class=\"wp-block-image size-large\"><img decoding=\"async\" data-id=\"4238\" src=\"https:\/\/emlab.fr\/wp-content\/uploads\/2024\/08\/affiche-nicolas-smialkowski.png?w=724\" alt=\"\" class=\"wp-image-4238\" \/><\/figure>\n<\/figure>\n\n\n\n<figure class=\"wp-block-image size-large is-resized\"><img decoding=\"async\" src=\"https:\/\/emlab.fr\/wp-content\/uploads\/2025\/08\/juliana-chant-lyrique-et-moderne-1.png?w=724\" alt=\"\" class=\"wp-image-5769\" style=\"width:212px;height:auto\" \/><\/figure>\n\n\n\n<p><strong>D\u00e9couvrez \u00e9galement tous les ensembles que propose l&rsquo;EMLAB pour partager votre passion avec d&rsquo;autres musiciens !<\/strong><\/p>\n\n\n\n<figure class=\"wp-block-gallery has-nested-images columns-default is-cropped wp-block-gallery-6 is-layout-flex wp-block-gallery-is-layout-flex\">\n<figure class=\"wp-block-image size-large is-style-default\"><img decoding=\"async\" data-id=\"5112\" src=\"https:\/\/emlab.fr\/wp-content\/uploads\/2025\/04\/trombinoscope-orchestres.png?w=724\" alt=\"\" class=\"wp-image-5112\" \/><\/figure>\n<\/figure>\n","protected":false},"excerpt":{"rendered":"<p>D\u00e9couvrez les jardins musicaux de l&rsquo;EMLAB, accessibles d\u00e8s 3 ans : D\u00e9couvrez toutes les disciplines propos\u00e9es par l&rsquo;EMLAB, et les professeurs qui les enseignent : D\u00e9partement Bois : D\u00e9partement Cuivres : D\u00e9partement Cordes : D\u00e9partement polyphoniques : D\u00e9partement Musiques Actuelles : D\u00e9couvrez \u00e9galement tous les ensembles que propose l&rsquo;EMLAB pour partager votre passion avec d&rsquo;autres&hellip; <a href=\"https:\/\/emlab.fr\/?page_id=4230\" class=\"more-link\">Lire la suite <span class=\"screen-reader-text\">Nos disciplines<\/span><\/a><\/p>\n","protected":false},"author":3,"featured_media":0,"parent":0,"menu_order":0,"comment_status":"closed","ping_status":"closed","template":"","meta":{"footnotes":""},"tags":[],"class_list":["post-4230","page","type-page","status-publish","hentry","without-featured-image"],"jetpack_sharing_enabled":true,"_links":{"self":[{"href":"https:\/\/emlab.fr\/index.php?rest_route=\/wp\/v2\/pages\/4230","targetHints":{"allow":["GET"]}}],"collection":[{"href":"https:\/\/emlab.fr\/index.php?rest_route=\/wp\/v2\/pages"}],"about":[{"href":"https:\/\/emlab.fr\/index.php?rest_route=\/wp\/v2\/types\/page"}],"author":[{"embeddable":true,"href":"https:\/\/emlab.fr\/index.php?rest_route=\/wp\/v2\/users\/3"}],"replies":[{"embeddable":true,"href":"https:\/\/emlab.fr\/index.php?rest_route=%2Fwp%2Fv2%2Fcomments&post=4230"}],"version-history":[{"count":0,"href":"https:\/\/emlab.fr\/index.php?rest_route=\/wp\/v2\/pages\/4230\/revisions"}],"wp:attachment":[{"href":"https:\/\/emlab.fr\/index.php?rest_route=%2Fwp%2Fv2%2Fmedia&parent=4230"}],"wp:term":[{"taxonomy":"post_tag","embeddable":true,"href":"https:\/\/emlab.fr\/index.php?rest_route=%2Fwp%2Fv2%2Ftags&post=4230"}],"curies":[{"name":"wp","href":"https:\/\/api.w.org\/{rel}","templated":true}]}}