{"id":427,"date":"2019-04-09T11:39:23","date_gmt":"2019-04-09T10:39:23","guid":{"rendered":"https:\/\/emlab.fr\/?page_id=427"},"modified":"2026-03-07T13:15:21","modified_gmt":"2026-03-07T12:15:21","slug":"evenements-a-venir","status":"publish","type":"page","link":"https:\/\/emlab.fr\/","title":{"rendered":"Actualit\u00e9s"},"content":{"rendered":"\n<div class=\"wp-block-buttons is-content-justification-center is-layout-flex wp-container-core-buttons-is-layout-16018d1d wp-block-buttons-is-layout-flex\">\n<div class=\"wp-block-button\"><a class=\"wp-block-button__link has-black-color has-text-color has-background has-link-color has-text-align-center wp-element-button\" href=\"https:\/\/docs.google.com\/document\/d\/1PAGX8psYl0QL1HR4ttr6L8N_6yFvJUFT\/edit?usp=sharing&amp;ouid=101463192835772808671&amp;rtpof=true&amp;sd=true\" style=\"background-color:#e08af1\">NOUVEAU ! Cliquez ici pour acceder au calendrier de la saison musicale 2025-2026<\/a><\/div>\n<\/div>\n\n\n\n<hr class=\"wp-block-separator has-alpha-channel-opacity\"\/>\n\n\n\n<figure class=\"wp-block-table aligncenter has-medium-font-size\"><table class=\"has-pale-ocean-gradient-background has-background\"><tbody><tr><td class=\"has-text-align-center\" data-align=\"center\"><br><strong>L<\/strong>\u2019<strong>E<\/strong>cole de <strong>M<\/strong>usique <strong>L<\/strong>\u2019<strong>A<\/strong>venir de <strong>B<\/strong>r\u00e9tigny <br><br><strong>\u00a0<\/strong><br><strong><u>Dimanche 8 mars 2026 <\/u><\/strong><br><strong><u>Place du 11 novembre<\/u><\/strong><br><strong><u>\u00a0<\/u><\/strong><br>L\u2019EMLAB sera repr\u00e9sent\u00e9e par la \u00ab\u00a0Batucalab\u00a0\u00bb \u00e0 l\u2019arriv\u00e9e du d\u00e9fil\u00e9 du carnaval pour une prestation percussive\u00a0!<br><strong><u>\u00a0<\/u><\/strong><br><strong><u>Jeudi 19 mars 2026 19h00 \u00e0 l\u2019auditorium H.Dutilleux<\/u>\u00a0<\/strong><br><strong><u>Audition des musiques actuelles<\/u><\/strong><br><strong><u>\u00a0<\/u><\/strong><br>Vous retrouverez les \u00e9l\u00e8ves des classes de musiques actuelles dans tous leurs \u00e9tats.<br>Classe de guitare moderne, piano moderne, piano jazz, chant moderne et quelques groupes.<br><strong><u>\u00a0<\/u><\/strong><br><br><strong><u>Dimanche 22 mars 2026 16h00 <\/u><\/strong><br><strong>\u00e0 l&rsquo;\u00e9glise Notre Dame des victoires Le Pl\u00e9ssis-P\u00e2t\u00e9 \u00a0<\/strong><br><strong><u>Audition de chant lyrique<\/u><\/strong><br><strong><u>\u00a0<\/u><\/strong><br>La classe de chant lyrique et la chorale \u00ab\u00a0Atout C(h)oeur\u00a0\u00bb, vous offriront une prestation sur le chant dans tous ses \u00e9tats.<br><strong><u>\u00a0<\/u><\/strong><br><strong><u>Mercredi 25 mars 2026 19h00 \u00e0 l\u2019auditorium H.Dutilleux<\/u>\u00a0<\/strong><br><strong><u>Audition des bois<\/u><\/strong><br><strong><u>\u00a0<\/u><\/strong><br>Vous d\u00e9couvrirez les classes de clarinette, saxophone, fl\u00fbte traversi\u00e8re et basson. Dans des morceaux solo, duo et peut \u00eatre des surprises.<br><strong><u>\u00a0<\/u><\/strong><br><strong><u>Musicoth\u00e9rapie<\/u><\/strong>\u00a0:<br><br>-Vous avez un enfant en situation de handicap, vous pouvez l\u2019inscrire aupr\u00e8s de notre <strong><u>musicoth\u00e9rapeute<\/u><\/strong>.<br><br>&#8211; <strong><span style=\"text-decoration: underline;\">Mais aussi participer aux diff\u00e9rents ensembles<\/span><\/strong><br>Orchestre symphonique ( La Licorne ), Orchestre d&rsquo;harmonie ( l&rsquo;Avenir), Orchestre Junior, Chorale Classique ( AtoutC(h)oeur ), Chorale Actuelle ( Br\u00e9ti&rsquo;Song ), Atelier Jazz, Groupes de Musiques Actuelles, Ensemble de Harpes, Batucada ( Batucalab ) et <strong>NOUVEAU<\/strong> l&rsquo;atelier \u00ab\u00a0Musique de chambre\u00a0\u00bb<\/td><\/tr><\/tbody><\/table><\/figure>\n\n\n\n<figure class=\"wp-block-gallery has-nested-images columns-default is-cropped wp-block-gallery-1 is-layout-flex wp-block-gallery-is-layout-flex\">\n<figure class=\"wp-block-image size-large\"><img loading=\"lazy\" decoding=\"async\" width=\"724\" height=\"1024\" data-id=\"6375\" src=\"https:\/\/emlab.fr\/wp-content\/uploads\/2026\/03\/Batucalab-724x1024.png\" alt=\"\" class=\"wp-image-6375\" srcset=\"https:\/\/emlab.fr\/wp-content\/uploads\/2026\/03\/Batucalab-724x1024.png 724w, https:\/\/emlab.fr\/wp-content\/uploads\/2026\/03\/Batucalab-212x300.png 212w, https:\/\/emlab.fr\/wp-content\/uploads\/2026\/03\/Batucalab-768x1086.png 768w, https:\/\/emlab.fr\/wp-content\/uploads\/2026\/03\/Batucalab-1086x1536.png 1086w, https:\/\/emlab.fr\/wp-content\/uploads\/2026\/03\/Batucalab.png 1414w\" sizes=\"auto, (max-width: 724px) 100vw, 724px\" \/><\/figure>\n\n\n\n<figure class=\"wp-block-image size-large\"><img loading=\"lazy\" decoding=\"async\" width=\"724\" height=\"1024\" data-id=\"6374\" src=\"https:\/\/emlab.fr\/wp-content\/uploads\/2026\/03\/Musiques-actuelles-19-mars-2026-724x1024.png\" alt=\"\" class=\"wp-image-6374\" srcset=\"https:\/\/emlab.fr\/wp-content\/uploads\/2026\/03\/Musiques-actuelles-19-mars-2026-724x1024.png 724w, https:\/\/emlab.fr\/wp-content\/uploads\/2026\/03\/Musiques-actuelles-19-mars-2026-212x300.png 212w, https:\/\/emlab.fr\/wp-content\/uploads\/2026\/03\/Musiques-actuelles-19-mars-2026-768x1086.png 768w, https:\/\/emlab.fr\/wp-content\/uploads\/2026\/03\/Musiques-actuelles-19-mars-2026-1086x1536.png 1086w, https:\/\/emlab.fr\/wp-content\/uploads\/2026\/03\/Musiques-actuelles-19-mars-2026-1448x2048.png 1448w, https:\/\/emlab.fr\/wp-content\/uploads\/2026\/03\/Musiques-actuelles-19-mars-2026.png 1587w\" sizes=\"auto, (max-width: 724px) 100vw, 724px\" \/><\/figure>\n<\/figure>\n\n\n\n<figure class=\"wp-block-gallery has-nested-images columns-default is-cropped wp-block-gallery-2 is-layout-flex wp-block-gallery-is-layout-flex\">\n<figure class=\"wp-block-image size-large\"><img loading=\"lazy\" decoding=\"async\" width=\"724\" height=\"1024\" data-id=\"6372\" src=\"https:\/\/emlab.fr\/wp-content\/uploads\/2026\/03\/Concert-Lyrique-leplessispate-22mars2026-724x1024.png\" alt=\"\" class=\"wp-image-6372\" srcset=\"https:\/\/emlab.fr\/wp-content\/uploads\/2026\/03\/Concert-Lyrique-leplessispate-22mars2026-724x1024.png 724w, https:\/\/emlab.fr\/wp-content\/uploads\/2026\/03\/Concert-Lyrique-leplessispate-22mars2026-212x300.png 212w, https:\/\/emlab.fr\/wp-content\/uploads\/2026\/03\/Concert-Lyrique-leplessispate-22mars2026-768x1086.png 768w, https:\/\/emlab.fr\/wp-content\/uploads\/2026\/03\/Concert-Lyrique-leplessispate-22mars2026-1086x1536.png 1086w, https:\/\/emlab.fr\/wp-content\/uploads\/2026\/03\/Concert-Lyrique-leplessispate-22mars2026-1448x2048.png 1448w, https:\/\/emlab.fr\/wp-content\/uploads\/2026\/03\/Concert-Lyrique-leplessispate-22mars2026.png 1587w\" sizes=\"auto, (max-width: 724px) 100vw, 724px\" \/><\/figure>\n\n\n\n<figure class=\"wp-block-image size-large\"><img loading=\"lazy\" decoding=\"async\" width=\"724\" height=\"1024\" data-id=\"6373\" src=\"https:\/\/emlab.fr\/wp-content\/uploads\/2026\/03\/Audition-bois-25-mars-2026-724x1024.png\" alt=\"\" class=\"wp-image-6373\" srcset=\"https:\/\/emlab.fr\/wp-content\/uploads\/2026\/03\/Audition-bois-25-mars-2026-724x1024.png 724w, https:\/\/emlab.fr\/wp-content\/uploads\/2026\/03\/Audition-bois-25-mars-2026-212x300.png 212w, https:\/\/emlab.fr\/wp-content\/uploads\/2026\/03\/Audition-bois-25-mars-2026-768x1086.png 768w, https:\/\/emlab.fr\/wp-content\/uploads\/2026\/03\/Audition-bois-25-mars-2026-1086x1536.png 1086w, https:\/\/emlab.fr\/wp-content\/uploads\/2026\/03\/Audition-bois-25-mars-2026.png 1414w\" sizes=\"auto, (max-width: 724px) 100vw, 724px\" \/><\/figure>\n<\/figure>\n\n\n\n<hr class=\"wp-block-separator has-alpha-channel-opacity\"\/>\n\n\n\n<figure class=\"wp-block-gallery has-nested-images columns-default is-cropped wp-block-gallery-3 is-layout-flex wp-block-gallery-is-layout-flex\">\n<figure class=\"wp-block-image size-large\"><img decoding=\"async\" data-id=\"5088\" src=\"https:\/\/emlab.fr\/wp-content\/uploads\/2025\/03\/affiche-musicotherapie.png?w=724\" alt=\"\" class=\"wp-image-5088\"\/><\/figure>\n<\/figure>\n\n\n\n<figure class=\"wp-block-gallery has-nested-images columns-default is-cropped wp-block-gallery-4 is-layout-flex wp-block-gallery-is-layout-flex\">\n<figure class=\"wp-block-image size-large\"><img decoding=\"async\" data-id=\"4255\" src=\"https:\/\/emlab.fr\/wp-content\/uploads\/2024\/08\/bretisong2.png?w=724\" alt=\"\" class=\"wp-image-4255\"\/><\/figure>\n\n\n\n<figure class=\"wp-block-image size-large\"><img decoding=\"async\" data-id=\"4256\" src=\"https:\/\/emlab.fr\/wp-content\/uploads\/2024\/08\/atout-choeurs.png?w=724\" alt=\"\" class=\"wp-image-4256\"\/><\/figure>\n\n\n\n<figure class=\"wp-block-image size-large\"><img decoding=\"async\" data-id=\"4260\" src=\"https:\/\/emlab.fr\/wp-content\/uploads\/2024\/08\/atelier-jazz.png?w=724\" alt=\"\" class=\"wp-image-4260\"\/><\/figure>\n\n\n\n<figure class=\"wp-block-image size-large\"><img decoding=\"async\" data-id=\"3093\" src=\"https:\/\/emlab.fr\/wp-content\/uploads\/2023\/10\/2023-2024-parcours-decouverte-1.jpg?w=724\" alt=\"\" class=\"wp-image-3093\"\/><\/figure>\n\n\n\n<figure class=\"wp-block-image size-large\"><img decoding=\"async\" data-id=\"5774\" src=\"https:\/\/emlab.fr\/wp-content\/uploads\/2025\/08\/batucalab.png?w=724\" alt=\"\" class=\"wp-image-5774\"\/><\/figure>\n<\/figure>\n\n\n\n<figure class=\"wp-block-image size-large\"><img decoding=\"async\" src=\"https:\/\/emlab.fr\/wp-content\/uploads\/2024\/08\/av-definitif.png?w=1024\" alt=\"\" class=\"wp-image-4261\"\/><\/figure>\n\n\n\n<figure class=\"wp-block-image size-large\"><img decoding=\"async\" src=\"https:\/\/emlab.fr\/wp-content\/uploads\/2024\/08\/licorne-definitif.png?w=825\" alt=\"\" class=\"wp-image-4296\"\/><\/figure>\n\n\n\n<figure class=\"wp-block-image size-large\"><img loading=\"lazy\" decoding=\"async\" width=\"1024\" height=\"724\" src=\"https:\/\/emlab.fr\/wp-content\/uploads\/2025\/12\/OJ-1024x724.png\" alt=\"\" class=\"wp-image-6022\" srcset=\"https:\/\/emlab.fr\/wp-content\/uploads\/2025\/12\/OJ-1024x724.png 1024w, https:\/\/emlab.fr\/wp-content\/uploads\/2025\/12\/OJ-300x212.png 300w, https:\/\/emlab.fr\/wp-content\/uploads\/2025\/12\/OJ-768x543.png 768w, https:\/\/emlab.fr\/wp-content\/uploads\/2025\/12\/OJ-1536x1086.png 1536w, https:\/\/emlab.fr\/wp-content\/uploads\/2025\/12\/OJ.png 2000w\" sizes=\"auto, (max-width: 1024px) 100vw, 1024px\" \/><\/figure>\n\n\n\n<div class=\"wp-block-buttons is-layout-flex wp-block-buttons-is-layout-flex\"><\/div>\n\n\n\n<p><\/p>\n","protected":false},"excerpt":{"rendered":"<p>L\u2019Ecole de Musique L\u2019Avenir de Br\u00e9tigny \u00a0Dimanche 8 mars 2026 Place du 11 novembre\u00a0L\u2019EMLAB sera repr\u00e9sent\u00e9e par la \u00ab\u00a0Batucalab\u00a0\u00bb \u00e0 l\u2019arriv\u00e9e du d\u00e9fil\u00e9 du carnaval pour une prestation percussive\u00a0!\u00a0Jeudi 19 mars 2026 19h00 \u00e0 l\u2019auditorium H.Dutilleux\u00a0Audition des musiques actuelles\u00a0Vous retrouverez les \u00e9l\u00e8ves des classes de musiques actuelles dans tous leurs \u00e9tats.Classe de guitare moderne, piano&hellip; <a href=\"https:\/\/emlab.fr\/\" class=\"more-link\">Lire la suite <span class=\"screen-reader-text\">Actualit\u00e9s<\/span><\/a><\/p>\n","protected":false},"author":3,"featured_media":0,"parent":0,"menu_order":0,"comment_status":"closed","ping_status":"closed","template":"","meta":{"footnotes":""},"tags":[],"class_list":["post-427","page","type-page","status-publish","hentry","without-featured-image"],"jetpack_sharing_enabled":true,"_links":{"self":[{"href":"https:\/\/emlab.fr\/index.php?rest_route=\/wp\/v2\/pages\/427","targetHints":{"allow":["GET"]}}],"collection":[{"href":"https:\/\/emlab.fr\/index.php?rest_route=\/wp\/v2\/pages"}],"about":[{"href":"https:\/\/emlab.fr\/index.php?rest_route=\/wp\/v2\/types\/page"}],"author":[{"embeddable":true,"href":"https:\/\/emlab.fr\/index.php?rest_route=\/wp\/v2\/users\/3"}],"replies":[{"embeddable":true,"href":"https:\/\/emlab.fr\/index.php?rest_route=%2Fwp%2Fv2%2Fcomments&post=427"}],"version-history":[{"count":15,"href":"https:\/\/emlab.fr\/index.php?rest_route=\/wp\/v2\/pages\/427\/revisions"}],"predecessor-version":[{"id":6376,"href":"https:\/\/emlab.fr\/index.php?rest_route=\/wp\/v2\/pages\/427\/revisions\/6376"}],"wp:attachment":[{"href":"https:\/\/emlab.fr\/index.php?rest_route=%2Fwp%2Fv2%2Fmedia&parent=427"}],"wp:term":[{"taxonomy":"post_tag","embeddable":true,"href":"https:\/\/emlab.fr\/index.php?rest_route=%2Fwp%2Fv2%2Ftags&post=427"}],"curies":[{"name":"wp","href":"https:\/\/api.w.org\/{rel}","templated":true}]}}