{"id":63,"date":"2019-04-05T14:36:11","date_gmt":"2019-04-05T13:36:11","guid":{"rendered":"https:\/\/emlab.fr\/?page_id=63"},"modified":"2019-04-05T14:36:11","modified_gmt":"2019-04-05T13:36:11","slug":"infos-pratiques","status":"publish","type":"page","link":"https:\/\/emlab.fr\/?page_id=63","title":{"rendered":"Venir \u00e0 l&rsquo;EMLAB"},"content":{"rendered":"\n<hr class=\"wp-block-separator has-css-opacity\" \/>\n\n\n\n<p>Contactez notre \u00e9quipe administrative pour toute demande de renseignements par t\u00e9l\u00e9phone au&nbsp;<a href=\"https:\/\/www.google.com\/search?q=%C3%A9cole+de+musique+br%C3%A9tigny&amp;oq=%C3%A9cole+de+musique+br%C3%A9tigny&amp;aqs=chrome..69i57.7207j0j7&amp;sourceid=chrome&amp;ie=UTF-8#\">01 60 84 25 27<\/a> ou \u00e0 l\u2019adresse&nbsp;<a href=\"mailto:contact@emlab.fr\">contact@emlab.fr<\/a>.<\/p>\n\n\n\n<p><strong><span style=\"text-decoration:underline\">Horaires d&rsquo;ouverture du secr\u00e9tariat : <\/span><\/strong><br>Lundi de 16h \u00e0 19h<br>Mardi de 16h \u00e0 19h<br>Mercredi de 10h \u00e0 12h et de 14h \u00e0 19h<br>Jeudi de 16h \u00e0 19h<br>Vendredi de 16h \u00e0 19h<\/p>\n\n\n\n<p>Notre \u00e9tablissement est \u00e9quip\u00e9 de rampes d&rsquo;acc\u00e8s adapt\u00e9es aux personnes \u00e0 mobilit\u00e9 r\u00e9duite. <\/p>\n\n\n\n<div class=\"wp-block-button\"><a class=\"wp-block-button__link wp-element-button\" href=\"https:\/\/www.google.com\/maps\/dir\/48.6067434,2.3027988\/48.6123872,2.3140707\/@48.6092207,2.3054791,16.25z\/data=!4m2!4m1!3e3\">Acc\u00e9der au plan interactif<\/a><\/div>\n\n\n\n<figure class=\"wp-block-image is-resized\"><img loading=\"lazy\" decoding=\"async\" width=\"1123\" height=\"844\" src=\"https:\/\/emlab.fr\/wp-content\/uploads\/2019\/04\/plan-daccc3a8s-1.jpg\" alt=\"\" class=\"wp-image-118\" style=\"width:862px;height:648px\" srcset=\"https:\/\/emlab.fr\/wp-content\/uploads\/2019\/04\/plan-daccc3a8s-1.jpg 1123w, https:\/\/emlab.fr\/wp-content\/uploads\/2019\/04\/plan-daccc3a8s-1-300x225.jpg 300w, https:\/\/emlab.fr\/wp-content\/uploads\/2019\/04\/plan-daccc3a8s-1-1024x770.jpg 1024w, https:\/\/emlab.fr\/wp-content\/uploads\/2019\/04\/plan-daccc3a8s-1-768x577.jpg 768w\" sizes=\"auto, (max-width: 1123px) 100vw, 1123px\" \/><\/figure>\n\n\n\n<p><\/p>\n","protected":false},"excerpt":{"rendered":"<p>Contactez notre \u00e9quipe administrative pour toute demande de renseignements par t\u00e9l\u00e9phone au&nbsp;01 60 84 25 27 ou \u00e0 l\u2019adresse&nbsp;contact@emlab.fr. Horaires d&rsquo;ouverture du secr\u00e9tariat : Lundi de 16h \u00e0 19hMardi de 16h \u00e0 19hMercredi de 10h \u00e0 12h et de 14h \u00e0 19hJeudi de 16h \u00e0 19hVendredi de 16h \u00e0 19h Notre \u00e9tablissement est \u00e9quip\u00e9 de&hellip; <a href=\"https:\/\/emlab.fr\/?page_id=63\" class=\"more-link\">Lire la suite <span class=\"screen-reader-text\">Venir \u00e0 l&rsquo;EMLAB<\/span><\/a><\/p>\n","protected":false},"author":3,"featured_media":0,"parent":0,"menu_order":0,"comment_status":"closed","ping_status":"closed","template":"","meta":{"footnotes":""},"tags":[],"class_list":["post-63","page","type-page","status-publish","hentry","without-featured-image"],"jetpack_sharing_enabled":true,"_links":{"self":[{"href":"https:\/\/emlab.fr\/index.php?rest_route=\/wp\/v2\/pages\/63","targetHints":{"allow":["GET"]}}],"collection":[{"href":"https:\/\/emlab.fr\/index.php?rest_route=\/wp\/v2\/pages"}],"about":[{"href":"https:\/\/emlab.fr\/index.php?rest_route=\/wp\/v2\/types\/page"}],"author":[{"embeddable":true,"href":"https:\/\/emlab.fr\/index.php?rest_route=\/wp\/v2\/users\/3"}],"replies":[{"embeddable":true,"href":"https:\/\/emlab.fr\/index.php?rest_route=%2Fwp%2Fv2%2Fcomments&post=63"}],"version-history":[{"count":0,"href":"https:\/\/emlab.fr\/index.php?rest_route=\/wp\/v2\/pages\/63\/revisions"}],"wp:attachment":[{"href":"https:\/\/emlab.fr\/index.php?rest_route=%2Fwp%2Fv2%2Fmedia&parent=63"}],"wp:term":[{"taxonomy":"post_tag","embeddable":true,"href":"https:\/\/emlab.fr\/index.php?rest_route=%2Fwp%2Fv2%2Ftags&post=63"}],"curies":[{"name":"wp","href":"https:\/\/api.w.org\/{rel}","templated":true}]}}